 units digit of 79555?
5
What is the hundreds digit of 36055?
0
What is the hundreds digit of 4950?
9
What is the hundreds digit of 2007?
0
What is the tens digit of 5803?
0
What is the hundreds digit of 3496?
4
What is the ten thousands digit of 33065?
3
What is the tens digit of 10081?
8
What is the tens digit of 4291?
9
What is the units digit of 1727?
7
What is the tens digit of 31473?
7
What is the thousands digit of 1323?
1
What is the units digit of 8870?
0
What is the ten thousands digit of 27967?
2
What is the hundreds digit of 1272?
2
What is the thousands digit of 3982?
3
What is the thousands digit of 4664?
4
What is the thousands digit of 6033?
6
What is the hundreds digit of 559?
5
What is the tens digit of 1511?
1
What is the units digit of 39777?
7
What is the units digit of 116742?
2
What is the hundreds digit of 43851?
8
What is the hundreds digit of 1856?
8
What is the units digit of 7439?
9
What is the tens digit of 99920?
2
What is the thousands digit of 6808?
6
What is the units digit of 195?
5
What is the ten thousands digit of 44963?
4
What is the hundreds digit of 2383?
3
What is the tens digit of 8262?
6
What is the hundreds digit of 4075?
0
What is the hundreds digit of 30605?
6
What is the tens digit of 5330?
3
What is the ten thousands digit of 28872?
2
What is the hundreds digit of 139591?
5
What is the units digit of 915?
5
What is the tens digit of 2596?
9
What is the ten thousands digit of 12323?
1
What is the thousands digit of 142824?
2
What is the thousands digit of 26422?
6
What is the tens digit of 351?
5
What is the hundreds digit of 1149?
1
What is the thousands digit of 4196?
4
What is the units digit of 2454?
4
What is the thousands digit of 23402?
3
What is the tens digit of 1073?
7
What is the thousands digit of 3882?
3
What is the thousands digit of 5600?
5
What is the thousands digit of 77142?
7
What is the hundreds digit of 49989?
9
What is the hundreds digit of 6697?
6
What is the tens digit of 51488?
8
What is the tens digit of 111171?
7
What is the thousands digit of 13168?
3
What is the thousands digit of 2095?
2
What is the tens digit of 3242?
4
What is the units digit of 1684?
4
What is the hundreds digit of 30840?
8
What is the hundreds digit of 45482?
4
What is the units digit of 808?
8
What is the tens digit of 2376?
7
What is the tens digit of 9196?
9
What is the tens digit of 10012?
1
What is the hundreds digit of 775?
7
What is the hundreds digit of 476?
4
What is the thousands digit of 55097?
5
What is the units digit of 9948?
8
What is the hundreds digit of 431?
4
What is the hundreds digit of 72590?
5
What is the ten thousands digit of 34390?
3
What is the thousands digit of 17306?
7
What is the hundreds digit of 50883?
8
What is the hundreds digit of 465?
4
What is the thousands digit of 61486?
1
What is the hundreds digit of 7248?
2
What is the units digit of 2973?
3
What is the tens digit of 46427?
2
What is the units digit of 473?
3
What is the hundreds digit of 211?
2
What is the thousands digit of 41635?
1
What is the tens digit of 198?
9
What is the units digit of 31186?
6
What is the thousands digit of 2313?
2
What is the thousands digit of 61449?
1
What is the thousands digit of 69986?
9
What is the units digit of 2189?
9
What is the tens digit of 944?
4
What is the tens digit of 3386?
8
What is the hundreds digit of 33107?
1
What is the ten thousands digit of 18264?
1
What is the hundreds digit of 9606?
6
What is the units digit of 1839?
9
What is the hundreds digit of 70558?
5
What is the thousands digit of 36293?
6
What is the tens digit of 8802?
0
What is the tens digit of 62997?
9
What is the hundreds digit of 716?
7
What is the units digit of 3333?
3
What is the ten thousands digit of 12472?
1
What is the units digit of 1404?
4
What is the hundreds digit of 1208?
2
What is the thousands digit of 7141?
7
What is the ten thousands digit of 66477?
6
What is the ten thousands digit of 13897?
1
What is the hundreds digit of 5537?
5
What is the tens digit of 2813?
1
What is the units digit of 92?
2
What is the hundreds digit of 132190?
1
What is the thousands digit of 15041?
5
What is the thousands digit of 1585?
1
What is the thousands digit of 2977?
2
What is the tens digit of 90450?
5
What is the thousands digit of 121445?
1
What is the tens digit of 596?
9
What is the tens digit of 395?
9
What is the ten thousands digit of 32321?
3
What is the hundreds digit of 6988?
9
What is the hundreds digit of 1538?
5
What is the units digit of 1966?
6
What is the thousands digit of 2677?
2
What is the hundreds digit of 932?
9
What is the tens digit of 240?
4
What is the hundreds digit of 625?
6
What is the thousands digit of 4740?
4
What is the thousands digit of 5857?
5
What is the tens digit of 27225?
2
What is the thousands digit of 11522?
1
What is the units digit of 1854?
4
What is the units digit of 19434?
4
What is the hundreds digit of 250?
2
What is the units digit of 293?
3
What is the hundreds digit of 47234?
2
What is the hundreds digit of 4754?
7
What is the tens digit of 4282?
8
What is the units digit of 61762?
2
What is the tens digit of 69?
6
What is the hundreds digit of 15735?
7
What is the units digit of 31312?
2
What is the hundreds digit of 1996?
9
What is the tens digit of 111483?
8
What is the hundreds digit of 4311?
3
What is the hundreds digit of 3328?
3
What is the tens digit of 42176?
7
What is the hundreds digit of 2117?
1
What is the tens digit of 74209?
0
What is the units digit of 751?
1
What is the units digit of 3182?
2
What is the hundreds digit of 125269?
2
What is the ten thousands digit of 34289?
3
What is the units digit of 2073?
3
What is the ten thousands digit of 14505?
1
What is the hundreds digit of 894?
8
What is the tens digit of 9843?
4
What is the tens digit of 712?
1
What is the thousands digit of 25594?
5
What is the tens digit of 636?
3
What is the hundreds digit of 70675?
6
What is the ten thousands digit of 140907?
4
What is the thousands digit of 13650?
3
What is the units digit of 135?
5
What is the units digit of 21002?
2
What is the tens digit of 891?
9
What is the hundreds digit of 68885?
8
What is the tens digit of 13207?
0
What is the units digit of 5294?
4
What is the hundreds digit of 4662?
6
What is the tens digit of 3754?
5
What is the hundreds digit of 4995?
9
What is the tens digit of 15120?
2
What is the units digit of 48418?
8
What is the units digit of 5178?
8
What is the units digit of 10296?
6
What is the units digit of 44479?
9
What is the units digit of 1452?
2
What is the hundreds digit of 6818?
8
What is the tens digit of 16785?
8
What is the units digit of 153516?
6
What is the tens digit of 2571?
7
What is the units digit of 2573?
3
What is the hundreds digit of 3075?
0
What is the hundreds digit of 2882?
8
What is the hundreds digit of 599?
5
What is the units digit of 3370?
0
What is the ten thousands digit of 44701?
4
What is the hundreds digit of 3024?
0
What is the units digit of 64090?
0
What is the hundreds digit of 74982?
9
What is the units digit of 28391?
1
What is the units digit of 9440?
0
What is the thousands digit of 86721?
6
What is the tens digit of 2812?
1
What is the units digit of 11285?
5
What is the thousands digit of 23050?
3
What is the thousands digit of 4096?
4
What is the hundreds digit of 7241?
2
What is the hundred thousands digit of 140539?
1
What is the thousands digit of 4121?
4
What is the thousands digit of 1118?
1
What is the thousands digit of 67081?
7
What is the tens digit of 14097?
9
What is the tens digit of 6654?
5
What is the thousands digit of 1486?
1
What is the thousands digit of 6795?
6
What is the units digit of 1427?
7
What is the units digit of 1307?
7
What is the thousands digit of 5274?
5
What is the thousands digit of 7008?
7
What is the hundreds digit of 4765?
7
What is the tens digit of 750?
5
What is the hundreds digit of 17344?
3
What is the hundreds digit of 4062?
0
What is the hundreds digit of 346?
3
What is the hundreds digit of 165?
1
What is the thousands digit of 1353?
1
What is the hundreds digit of 3754?
7
What is the units digit of 10863?
3
What is the tens digit of 758?
5
What is the units digit of 10160?
0
What is the tens digit of 5